ate the greatest common divisor of 288 and 6938.
2
What is the highest common divisor of 35 and 44590?
35
What is the highest common factor of 8085 and 3920?
245
Calculate the greatest common factor of 268 and 109612.
268
Calculate the greatest common factor of 7 and 12308821.
7
What is the highest common factor of 250789 and 77?
77
Calculate the greatest common factor of 2435668 and 212.
212
What is the highest common divisor of 23312 and 1736?
248
What is the greatest common divisor of 1323 and 5544?
63
What is the greatest common factor of 194718 and 12?
6
What is the greatest common divisor of 10071 and 18?
9
Calculate the greatest common factor of 266 and 174439.
19
Calculate the greatest common divisor of 53748 and 108.
36
What is the greatest common divisor of 5813 and 3?
1
What is the highest common factor of 15220 and 78383?
761
What is the greatest common factor of 33 and 214566?
33
What is the highest common factor of 54272 and 18232?
424
Calculate the greatest common factor of 3007 and 1940.
97
What is the greatest common factor of 9546 and 10320?
258
Calculate the greatest common factor of 27 and 1097397.
9
Calculate the highest common factor of 4390 and 30.
10
Calculate the greatest common factor of 13 and 42003.
13
What is the greatest common divisor of 25519 and 1859?
169
What is the greatest common divisor of 18 and 19848?
6
Calculate the highest common divisor of 18 and 2149677.
9
Calculate the greatest common factor of 1763 and 172.
43
Calculate the greatest common factor of 282 and 190491.
141
Calculate the greatest common factor of 768 and 1094496.
96
Calculate the greatest common factor of 8987 and 4.
1
What is the greatest common factor of 371480 and 740?
740
What is the greatest common divisor of 6608 and 51100?
28
What is the highest common factor of 23 and 135263?
23
Calculate the highest common factor of 30515 and 595.
85
What is the highest common divisor of 1515 and 4590?
15
Calculate the highest common divisor of 36 and 327906.
18
What is the greatest common factor of 99 and 52305?
33
What is the greatest common factor of 3781 and 2388?
199
Calculate the highest common divisor of 269 and 39.
1
What is the greatest common factor of 72 and 2256?
24
What is the greatest common factor of 130 and 142210?
10
Calculate the highest common factor of 420 and 150480.
60
Calculate the highest common factor of 51660 and 2665.
205
Calculate the greatest common divisor of 116061 and 66.
33
Calculate the highest common factor of 139 and 3753.
139
Calculate the highest common factor of 588 and 1452.
12
Calculate the highest common divisor of 663486 and 6.
6
Calculate the greatest common factor of 250513 and 268.
67
Calculate the greatest common factor of 5505107 and 746.
373
Calculate the greatest common divisor of 688275 and 165.
15
Calculate the greatest common divisor of 1710 and 46265.
95
What is the highest common divisor of 187533 and 402?
201
Calculate the greatest common divisor of 1654310 and 140.
70
What is the highest common divisor of 476515 and 65?
65
What is the greatest common divisor of 71659 and 1412?
353
Calculate the highest common factor of 267 and 1157.
89
Calculate the highest common factor of 122177 and 58.
29
What is the highest common divisor of 388 and 2434?
2
Calculate the highest common divisor of 1901537 and 22.
11
What is the highest common divisor of 68400 and 2432?
304
What is the greatest common divisor of 250 and 3310?
10
Calculate the highest common divisor of 3234 and 180026.
1078
What is the greatest common factor of 6493328 and 976?
976
What is the highest common factor of 753 and 106424?
251
What is the greatest common factor of 732488 and 4148?
244
What is the greatest common factor of 115 and 817650?
115
Calculate the highest common divisor of 269 and 889583.
269
What is the highest common divisor of 3817 and 99?
11
Calculate the greatest common divisor of 64 and 761568.
32
Calculate the greatest common factor of 105184 and 1140.
76
Calculate the highest common factor of 4 and 108044.
4
Calculate the highest common divisor of 499858 and 1172.
586
What is the highest common factor of 72150 and 20?
10
Calculate the greatest common divisor of 375698 and 1998.
74
Calculate the highest common factor of 3 and 218.
1
Calculate the greatest common factor of 675 and 4475.
25
What is the greatest common divisor of 12 and 685206?
6
Calculate the greatest common factor of 1496 and 2520012.
748
Calculate the greatest common factor of 136041 and 12247.
331
What is the highest common factor of 2219488 and 172?
172
Calculate the highest common divisor of 23024 and 16.
16
Calculate the greatest common factor of 1862 and 988.
38
What is the greatest common divisor of 253 and 31471?
11
What is the highest common divisor of 550 and 646525?
275
Calculate the highest common divisor of 896 and 208768.
896
Calculate the greatest common factor of 11320 and 264039.
283
What is the highest common factor of 19460 and 440?
20
Calculate the greatest common divisor of 4 and 152162.
2
Calculate the greatest common factor of 2225 and 2675.
25
Calculate the highest common divisor of 358 and 117961.
179
What is the highest common divisor of 334 and 5284882?
334
Calculate the highest common divisor of 602 and 1312059.
301
What is the highest common factor of 15050 and 7700?
350
Calculate the highest common divisor of 23474 and 99.
11
Calculate the greatest common factor of 11147 and 284.
71
What is the highest common divisor of 305 and 1081286?
61
Calculate the highest common factor of 260 and 15548.
52
Calculate the highest common divisor of 2324 and 8300.
332
What is the greatest common divisor of 194 and 10961?
97
What is the highest common divisor of 14483 and 21?
7
Calculate the highest common factor of 8568 and 3876.
204
What is the highest common factor of 36 and 68436?
36
What is the greatest common factor of 116521 and 109?
109
Calculate the greatest common factor of 1769 and 7747.
61
Calculate the greatest common factor of 674 and 2458.
2
What is the highest common divisor of 3 and 135699?
3
What is the greatest common factor of 36 and 10116?
36
What is the highest common divisor of 4 and 16038?
2
Calculate the highest common divisor of 70 and 254569.
7
What is the greatest common factor of 159109 and 963?
107
What is the greatest common factor of 1374 and 1398?
6
What is the highest common factor of 292280 and 40?
40
Calculate the greatest common divisor of 224 and 23680.
32
Calculate the greatest common divisor of 1977238 and 1864.
466
What is the highest common factor of 194952 and 96?
24
What is the greatest common factor of 480004 and 62?
62
What is the greatest common divisor of 82400 and 618?
206
Calculate the highest common factor of 192608 and 364.
52
What is the greatest common divisor of 44793 and 243?
81
Calculate the highest common factor of 516309 and 354.
177
What is the greatest common divisor of 2415 and 45745?
35
Calculate the highest common divisor of 18 and 578.
2
Calculate the highest common factor of 4 and 6158.
2
What is the greatest common factor of 1248 and 153114?
78
Calculate the greatest common factor of 5777 and 3074.
53
Calculate the highest common factor of 2700546 and 570.
114
Calculate the greatest common factor of 14464 and 288.
32
Calculate the greatest common divisor of 160 and 29776.
16
What is the greatest common divisor of 4522 and 917?
7
Calculate the greatest common factor of 248 and 109608.
8
What is the highest common factor of 15744 and 1353?
123
What is the highest common divisor of 5617 and 1394?
41
What is the highest common factor of 76515 and 45?
15
What is the highest common factor of 14483 and 511?
7
What is the highest common divisor of 8160 and 1902300?
1020
What is the highest common divisor of 183 and 27?
3
What is the highest common divisor of 27 and 1591920?
27
Calculate the highest common factor of 27903 and 1965.
393
What is the highest common divisor of 2442 and 281237?
407
Calculate the highest common divisor of 55151 and 655.
131
Calculate the highest common factor of 5385726 and 276.
138
What is the greatest common divisor of 815780 and 245?
35
What is the greatest common divisor of 54 and 179910?
18
What is the highest common factor of 2484 and 943